-81550)/49 - 8/28 is divided by 17?
15
Let p = -275 + 150. Suppose 38*y + 12*y = -11300. Let l = p - y. Calculate the remainder when l is divided by 35.
31
Suppose 100*q = 76*q + 168. Calculate the remainder when 230 is divided by q.
6
Let a(m) = 2*m - 1. Let l be a(13). Suppose l = 3*h - 62. What is the remainder when h is divided by 15?
14
Let d = 683 + -689. Let l(y) = 15*y**2 + 32*y + 11. Calculate the remainder when l(d) is divided by 12.
11
Calculate the remainder when 1644 is divided by (-1391)/(-4) - ((-2)/12)/((-212)/(-318)).
252
Suppose -3*j + 8 = -5*j, -3*c + 4*j - 65 = 0. Let h = -22 - c. Let k = 30 + -19. What is the remainder when k is divided by h?
1
Suppose -5*y + 377 = 4*q - 252, 0 = 2*y + 4*q - 230. Calculate the remainder when 514 is divided by y.
115
Suppose 15 = 3*m + 3*o, 4*m - 3*m - o - 15 = 0. Calculate the remainder when 773 is divided by m.
3
Let u be (1/(-1))/(1/139). Let s = -83 - u. Suppose -53*h - 27 = -s*h. Calculate the remainder when h is divided by 7.
2
Calculate the remainder when 1046 is divided by 2 - (-11 + 133/(-7)).
22
Let w = 4749 + -4609. Calculate the remainder when w is divided by 49.
42
Suppose -5*h + 2*h - 108 = -2*t, -h - 244 = -5*t. Suppose -y = -3*a + 6*a - 707, -231 = -a - y. What is the remainder when a is divided by t?
46
Suppose -22 = 3*b - 172. Let x be (0 - 14/(-35))*10. Suppose 0*v + 88 = 4*v - x*z, -2*v - 4*z + 20 = 0. Calculate the remainder when b is divided by v.
14
Let m = 362 + -287. Calculate the remainder when ((-90)/m)/(-3*1/170) is divided by 31.
6
Suppose -208*i = -2758 - 3898. What is the remainder when 48 is divided by i?
16
Let x be (9 - (-105)/(-9))*3. Calculate the remainder when 206 + 9/18*x is divided by 41.
38
Suppose 6*l - 216 - 102 = 0. Let d = l + 60. Let z = d - -139. What is the remainder when z is divided by 51?
48
Let s(w) = -w**3 + 16*w**2 + 24*w - 76. Let y be s(17). Suppose -8505 = -2*t - y*t. What is the remainder when t is divided by 18?
9
What is the remainder when 50 is divided by (50/63 - (-328)/(-1476))/((-2)/(-91))?
24
Suppose 3*g + 11 = 26. Suppose 5*c - 315 = -5*u, 69*u - 64*u + 45 = 0. Calculate the remainder when c is divided by g.
2
Suppose -3*c + 4*t + 1446 = 0, -152 = 2*c - 5*t - 1109. Calculate the remainder when c is divided by 26.
18
Calculate the remainder when 172 - 136 - (-29 + 5) is divided by (-2)/(-5) - 406/(-10).
19
Let p = -7 + 9. Let c(l) = 2*l**3 - 3*l**2 + 1. Let b be c(p). Suppose 50 = b*x + 5*x. What is the remainder when 22 is divided by x?
2
Let u(v) = 2*v. Let n be u(14). Let w = 50 - n. Calculate the remainder when 42 is divided by (w/(-4))/((-10)/20).
9
Suppose 4*v = 5*o - 358 + 128, -5*o + 5*v + 230 = 0. Suppose -6 = 4*h - o. Suppose -12*d + 14*d = 32. Calculate the remainder when d is divided by h.
6
Suppose 2*y + f - 1205 = 0, 4*f + 1794 = 3*y + f. Let i(p) = -44*p + 3738. Calculate the remainder when y is divided by i(83).
85
Let z be 2750/120 + 2/24. Suppose z*w + 121 = 24*w. Calculate the remainder when w is divided by 25.
21
Let g(h) = -6*h + 61. Suppose 6*m + 112 = -26. Let k = 24 + m. What is the remainder when k is divided by g(10)?
0
Let f be (3/(-2) + 2)*0 - 0. Let x(z) = -z**2 + 3. Let h be x(f). Suppose -k + h*k = 34. Calculate the remainder when 30 is divided by k.
13
Let q = -7689 - -7745. What is the remainder when 188 is divided by q?
20
Suppose 14 = -2*u, -u - 312 = -2*l - 277. Suppose 0 = -2*f - 3*f + 400. Calculate the remainder when f is divided by l.
10
Suppose 2*h - 11*v - 1045 = 919, 6 = -v. What is the remainder when h is divided by 139?
115
Suppose -6*a = -5*i + 251, 0 = 14*i - 11*i - 4*a - 149. What is the remainder when 108 is divided by i?
53
Let t(i) = -31*i - 99. Let l be t(-8). Let v = 192 - l. Calculate the remainder when 211 is divided by v.
39
Let j(l) = -4*l + 38. Let u be j(9). Suppose -2*m + 5*z + 51 = 8, -u*m = -4*z - 48. What is the remainder when m is divided by 21?
13
Suppose -5*n + 10 = -0*o + 2*o, -o + 8 = 4*n. Suppose -j = -5*x + 89, 2*x + 2*j + 3*j - 14 = o. What is the remainder when 186 is divided by x?
16
Let r(a) = a**2 + 6*a + 11. Let s = -581 + 572. Calculate the remainder when 70 is divided by r(s).
32
Suppose 2*j + 2*l = 14, -2*l + 5*l = 3*j - 9. Calculate the remainder when (-86)/(-2) + j - -1 is divided by 9.
4
Calculate the remainder when (-3286791)/(-2565) - (-2)/10*-2 is divided by 143.
137
Let a = 53 + -63. What is the remainder when 142 is divided by 20/(-8)*(a - -5 - 5)?
17
Let q be (((-266)/(-6))/(-7))/((-1)/1353). Suppose q + 334 = 29*v. Calculate the remainder when v is divided by 62.
59
Calculate the remainder when (1/(12/(-16)))/(60/(-9) - -6) is divided by (-1)/(-2) + (-9)/(-6).
0
Suppose 3*z - 6 = 0, 132*b - 127*b = 5*z + 30. What is the remainder when 1645 is divided by b?
5
Let f(p) be the third derivative of 3*p**4/8 + p**3/6 - 2*p**2. Let h(o) = -34*o - 15. What is the remainder when f(6) is divided by h(-1)?
17
Let t = -16910 + 17503. What is the remainder when t is divided by 100?
93
Let h = -56 + 67. Suppose 0 = h*w + 14*w - 6700. Calculate the remainder when w is divided by 45.
43
What is the remainder when 251 is divided by -1 + 1683/11 + -12?
111
Calculate the remainder when 3278 is divided by (-14406)/(-70) + (-12)/15.
203
Let v(x) = 4*x - 45. Let n be v(8). Calculate the remainder when 3 is divided by n - -10 - 5/(-1).
1
Let h be -2 + (-1)/1 - -43. Suppose 152 = 3*l - h. Suppose -4*q + 0*q + l = 5*v, q + 9 = 5*v. What is the remainder when 54 is divided by q?
10
Calculate the remainder when 106/(-265) + (5294/10 - -1) + -2 is divided by 59.
56
Let g(s) = -1 - s**3 - 5 - 6*s**2 - s**3 + 4. Suppose -79*j = -60*j + 76. Calculate the remainder when 49 is divided by g(j).
19
Let n = -4 + 15. Let m(q) = -q**2 + 9*q + 24. Let z be m(n). Suppose 0 = -3*p + 3*b + 252, p = -z*b + 57 + 39. What is the remainder when p is divided by 15?
13
Let v(h) = -h**2 + h - 6. Let f be v(-7). Suppose -45*s + 73 + 6407 = 0. Let y = s + f. What is the remainder when y is divided by 28?
26
Let g = -23 + 26. Suppose -j - 2*j - 15 = 0, g*o - 290 = j. Let a = 3316 - 3289. What is the remainder when o is divided by a?
14
Calculate the remainder when ((-237)/30)/(11/(-330)) is divided by 27.
21
Let p(a) = 8*a**2 + 3*a + 3. Let d(i) = -i**2 - 9*i + 27. Let h be d(-12). Let j(s) = -2*s + 12. What is the remainder when j(h) is divided by p(-1)?
6
What is the remainder when 1330 is divided by (4/(-12))/(20/(-420)) + 36*1?
40
Let j(v) = 2*v**3 + v**2 - 2*v + 108. What is the remainder when j(0) is divided by 30?
18
Let w be (-1 + (-315)/(-27))/((-2)/(-45)). Suppose 916*h = 920*h - w. What is the remainder when 117 is divided by h?
57
Suppose 0 = a + 1 + 1. Let i be a - -8 - 3/3. Suppose i*w + 26 = 2*t, w + 11 = 3*t - 28. Calculate the remainder when 76 is divided by t.
11
Calculate the remainder when 19/(247/(-117)) - -617 is divided by 35.
13
Let c be ((3 - 2) + 7/(-7))/1. Suppose -11*x + 426 + 410 = c. Calculate the remainder when 681 is divided by x.
73
Suppose 0 = -v + 4*z - 31, 6*z = 3*v + 4*z + 103. Let g be (-2044)/v - (-4)/(-10). Suppose 0 = 5*c - g - 2. Calculate the remainder when 82 is divided by c.
10
Suppose 33*h + 348 = 35*h - i, -2*h - 4*i = -378. Calculate the remainder when h is divided by 45.
42
Let z = -3 + -74. Let h = -32 - z. Let k = h + -28. Calculate the remainder when 65 is divided by k.
14
Let l = -13 + 32. Let w(x) = x**3 + x**2 - 8*x - 17. Let i(q) = -q**2 + 8*q + 5. Let h be i(8). What is the remainder when w(h) is divided by l?
17
Let h = -310 - -417. Calculate the remainder when h is divided by 90.
17
Let i(n) = -n**3 - 5*n**2 + 39*n + 132. Calculate the remainder when 2875 is divided by i(-8).
7
Let m(i) = -3*i**3 - i**2 + 20*i - 57. Let w be m(4). Let g = w - -215. What is the remainder when g is divided by 6?
0
Let l(c) = c**2 - 69*c + 440. What is the remainder when 17637 is divided by l(64)?
117
Let s be (-1*9)/((-1)/9*3). Let n be (18/s)/(6/27). Suppose 0 = 5*f - d - 26, n*d - 4 = 7*d. What is the remainder when 8 is divided by f?
3
Let p(u) = -83*u - 1564. Calculate the remainder when 129 is divided by p(-19).
12
Suppose 11*i + 109 = 351. Suppose 102 = 3*x - 3*n, -25*n + i*n - 134 = -4*x. What is the remainder when 124 is divided by x?
28
